{"id":442,"date":"2025-01-04T18:05:39","date_gmt":"2025-01-04T17:05:39","guid":{"rendered":"https:\/\/asielec.com.gt\/newsite\/?post_type=product&#038;p=442"},"modified":"2025-01-04T18:05:39","modified_gmt":"2025-01-04T17:05:39","slug":"ups-de-750-va-a-2000-va","status":"publish","type":"product","link":"https:\/\/asielec.com.gt\/?product=ups-de-750-va-a-2000-va","title":{"rendered":"UPS de 750 VA a 2000 VA"},"content":{"rendered":"<p>UPS interactivo de l\u00ednea de 750VA \/ 1000 VA \/ 1200 VA \/ 2000 VA para hogar \/ oficina. Bater\u00edas de plomo-acido selladas internas, regulador de voltaje, supresor de sobre tensi\u00f3n y salidas de derivaci\u00f3n para cargas m\u00e1s grandes. Proporciona energ\u00eda continua a enrutadores WIFI, sistemas de alarma y equipos inform\u00e1ticos. Los modelos de mayor capacidad en torre ofrecen una pantalla LCD avanzada que es interactiva e ilustra funciones como niveles de bater\u00eda, % de carga, % de bater\u00eda, voltaje de entrada, voltaje de salida, Hz.<\/p>\n<p>Las interfaces web permiten el monitoreo local y remoto. Las alarmas audibles indican el funcionamiento y los niveles de bater\u00eda. Certificado por las agencias reguladoras NOM, ISO9001-2015, ISO14001, RETIE.<\/p>\n","protected":false},"excerpt":{"rendered":"<p><strong>L\u00ednea R-Smart 751\/1010\/1210\/2010<\/strong><\/p>\n","protected":false},"featured_media":440,"comment_status":"open","ping_status":"closed","template":"","meta":{"_joinchat":[]},"product_cat":[52,45,51],"product_tag":[],"class_list":{"0":"post-442","1":"product","2":"type-product","3":"status-publish","4":"has-post-thumbnail","6":"product_cat-proteccion-domestica-y-oficina-ups-cdp","7":"product_cat-ups","8":"product_cat-ups-cdp","10":"first","11":"instock","12":"shipping-taxable","13":"product-type-simple"},"acf":[],"_links":{"self":[{"href":"https:\/\/asielec.com.gt\/index.php?rest_route=\/wp\/v2\/product\/442","targetHints":{"allow":["GET"]}}],"collection":[{"href":"https:\/\/asielec.com.gt\/index.php?rest_route=\/wp\/v2\/product"}],"about":[{"href":"https:\/\/asielec.com.gt\/index.php?rest_route=\/wp\/v2\/types\/product"}],"replies":[{"embeddable":true,"href":"https:\/\/asielec.com.gt\/index.php?rest_route=%2Fwp%2Fv2%2Fcomments&post=442"}],"wp:featuredmedia":[{"embeddable":true,"href":"https:\/\/asielec.com.gt\/index.php?rest_route=\/wp\/v2\/media\/440"}],"wp:attachment":[{"href":"https:\/\/asielec.com.gt\/index.php?rest_route=%2Fwp%2Fv2%2Fmedia&parent=442"}],"wp:term":[{"taxonomy":"product_cat","embeddable":true,"href":"https:\/\/asielec.com.gt\/index.php?rest_route=%2Fwp%2Fv2%2Fproduct_cat&post=442"},{"taxonomy":"product_tag","embeddable":true,"href":"https:\/\/asielec.com.gt\/index.php?rest_route=%2Fwp%2Fv2%2Fproduct_tag&post=442"}],"curies":[{"name":"wp","href":"https:\/\/api.w.org\/{rel}","templated":true}]}}