{"id":483,"date":"2025-01-10T00:57:11","date_gmt":"2025-01-09T23:57:11","guid":{"rendered":"https:\/\/asielec.com.gt\/newsite\/?post_type=product&#038;p=483"},"modified":"2025-01-10T00:57:11","modified_gmt":"2025-01-09T23:57:11","slug":"upo22-6-upo22-10","status":"publish","type":"product","link":"https:\/\/asielec.com.gt\/?product=upo22-6-upo22-10","title":{"rendered":"UPO22-6 \u2013 UPO22-10"},"content":{"rendered":"<p>Chicago Digital Power UPO22-6 de 6 kVA \/ UPO22-10 de 10 kVA son UPS de torre en l\u00ednea de doble conversi\u00f3n con cargador incorporado de bater\u00edas de plena potencia que puede ser de respaldo de bater\u00eda casi ilimitado para cargas cr\u00edticas. Rango de voltaje de entrada s\u00faper amplio y voltaje de salida seleccionable. Completos diagn\u00f3sticos autom\u00e1ticos y pantallas LCD avanzadas que brindan informaci\u00f3n operativa y comunicaci\u00f3n para monitoreo \/ control remoto.<\/p>\n<p>El transformador avanzado de alta frecuencia y el transformador de aislamiento reproduce CA perfecta mientras elimina picos \/ sobre tensiones, ruido de l\u00ednea y fluctuaciones de voltaje, dise\u00f1o compacto y confiable que incluye certificaciones de agencias reguladoras internacionales como NOM, ISO9001- 2015, ISO14001, RETIE.<\/p>\n","protected":false},"excerpt":{"rendered":"<p>Chicago Digital Power UPO22-6 de 6 kVA \/ UPO22-10 de 10 kVA son UPS de torre en l\u00ednea de doble conversi\u00f3n con cargador incorporado de bater\u00edas de plena potencia que puede ser de respaldo de bater\u00eda casi ilimitado para cargas cr\u00edticas. Rango de voltaje de entrada s\u00faper amplio y voltaje de salida seleccionable. Completos diagn\u00f3sticos [&hellip;]<\/p>\n","protected":false},"featured_media":454,"comment_status":"open","ping_status":"closed","template":"","meta":{"_joinchat":[]},"product_cat":[45,51,54,53],"product_tag":[],"class_list":{"0":"post-483","1":"product","2":"type-product","3":"status-publish","4":"has-post-thumbnail","6":"product_cat-ups","7":"product_cat-ups-cdp","8":"product_cat-ups-monofasicos-120-vac-y-240-vac","9":"product_cat-ups-para-pymes-comercio-e-industrias-ups-cdp","11":"first","12":"instock","13":"shipping-taxable","14":"product-type-simple"},"acf":[],"_links":{"self":[{"href":"https:\/\/asielec.com.gt\/index.php?rest_route=\/wp\/v2\/product\/483","targetHints":{"allow":["GET"]}}],"collection":[{"href":"https:\/\/asielec.com.gt\/index.php?rest_route=\/wp\/v2\/product"}],"about":[{"href":"https:\/\/asielec.com.gt\/index.php?rest_route=\/wp\/v2\/types\/product"}],"replies":[{"embeddable":true,"href":"https:\/\/asielec.com.gt\/index.php?rest_route=%2Fwp%2Fv2%2Fcomments&post=483"}],"wp:featuredmedia":[{"embeddable":true,"href":"https:\/\/asielec.com.gt\/index.php?rest_route=\/wp\/v2\/media\/454"}],"wp:attachment":[{"href":"https:\/\/asielec.com.gt\/index.php?rest_route=%2Fwp%2Fv2%2Fmedia&parent=483"}],"wp:term":[{"taxonomy":"product_cat","embeddable":true,"href":"https:\/\/asielec.com.gt\/index.php?rest_route=%2Fwp%2Fv2%2Fproduct_cat&post=483"},{"taxonomy":"product_tag","embeddable":true,"href":"https:\/\/asielec.com.gt\/index.php?rest_route=%2Fwp%2Fv2%2Fproduct_tag&post=483"}],"curies":[{"name":"wp","href":"https:\/\/api.w.org\/{rel}","templated":true}]}}