{"id":530,"date":"2025-01-10T02:19:13","date_gmt":"2025-01-10T01:19:13","guid":{"rendered":"https:\/\/asielec.com.gt\/newsite\/?post_type=product&#038;p=530"},"modified":"2025-01-10T02:19:13","modified_gmt":"2025-01-10T01:19:13","slug":"supresores-de-picos-marca-taf","status":"publish","type":"product","link":"https:\/\/asielec.com.gt\/?product=supresores-de-picos-marca-taf","title":{"rendered":"Supresores de picos marca TAF"},"content":{"rendered":"<p>Dispositivo de Protecci\u00f3n contra Sobretensiones (DPS), monopolar, Clase \u00a0I \/ II (IEC 61643-11), del tipo limitador de tensi\u00f3n, compuesto por Varistor de \u00d3xido Met\u00e1lico (MOV) asociado a un dispositivo de desconexi\u00f3n t\u00e9rmica (sobretemperatura)<\/p>\n<p>Caracter\u00edsticas:<\/p>\n<ul>\n<li>Se\u00f1alizaci\u00f3n local del estado de operaci\u00f3n;<\/li>\n<li>Se\u00f1alizaci\u00f3n remota (opcional);\n<ul>\n<li>Posee interruptor interno que desconecta el DPS al final de la vida \u00fatil;<\/li>\n<li>Fijaci\u00f3n en riel DIN 35 (Opcional)<\/li>\n<\/ul>\n<\/li>\n<li>Aplicaciones:<\/li>\n<li>Tableros de distribuci\u00f3n para protecci\u00f3n de instalaciones el\u00e9ctricas de baja tensi\u00f3n contra picos de tensi\u00f3n de descargas atmosf\u00e9ricas, maniobras de carga y otros.<\/li>\n<\/ul>\n<table width=\"728\">\n<tbody>\n<tr>\n<td width=\"312\">Caracter\u00edsticas Generales<\/td>\n<td width=\"66\">Unidad<\/td>\n<td width=\"170\">Est\u00e1ndar<\/td>\n<td width=\"180\">SR<\/td>\n<\/tr>\n<tr>\n<td width=\"312\">Normas aplicables<\/td>\n<td width=\"66\">&nbsp;<\/td>\n<td width=\"170\">IEC 61643-11 \/ ABNT5410<\/td>\n<td width=\"180\">IEC 61643-11 \/ ABNT5410<\/td>\n<\/tr>\n<tr>\n<td width=\"312\">Modos de protecci\u00f3n<\/td>\n<td width=\"66\">&nbsp;<\/td>\n<td width=\"170\">L-L, L-N, L-PE y N-PE para sistema TN L-L y L-N para sistema IT e TT<\/td>\n<td width=\"180\">L-L, L-N, L-PE y N-PE para sistema TN L-L y L-N para sistema IT e TT<\/td>\n<\/tr>\n<tr>\n<td width=\"312\">Tecnolog\u00eda de protecci\u00f3n<\/td>\n<td width=\"66\">&nbsp;<\/td>\n<td width=\"170\">Varistor de \u00d3xido Met\u00e1lico (MOV)<\/td>\n<td width=\"180\">Varistor de \u00d3xido Met\u00e1lico (MOV)<\/td>\n<\/tr>\n<tr>\n<td width=\"312\">Tiempo de respuesta t\u00edpico<\/td>\n<td width=\"66\">ns<\/td>\n<td width=\"170\">&lt; 25<\/td>\n<td width=\"180\">&lt; 25<\/td>\n<\/tr>\n<tr>\n<td width=\"312\">Protecci\u00f3n t\u00e9rmica<\/td>\n<td width=\"66\">&nbsp;<\/td>\n<td width=\"170\">SI<\/td>\n<td width=\"180\">SI<\/td>\n<\/tr>\n<tr>\n<td width=\"312\">Fusible de respaldo<\/td>\n<td width=\"66\">kA<\/td>\n<td width=\"170\">5<\/td>\n<td width=\"180\">5<\/td>\n<\/tr>\n<tr>\n<td width=\"312\">Se\u00f1alizaci\u00f3n del estado de funcionamiento<\/td>\n<td width=\"66\">&nbsp;<\/td>\n<td width=\"170\">Verde &#8211; SERVICIO; Rojo \u2013 DEFECTO<\/td>\n<td width=\"180\">Verde &#8211; SERVICIO; Rojo &#8211; DEFECTO<\/td>\n<\/tr>\n<tr>\n<td width=\"312\">Temperatura de funcionamiento<\/td>\n<td width=\"66\">\u00b0C<\/td>\n<td width=\"170\">-40 &#8230; +70<\/td>\n<td width=\"180\">-40 &#8230; +70<\/td>\n<\/tr>\n<tr>\n<td width=\"312\">Secci\u00f3n de los conductores de conexi\u00f3n el\u00e9ctrica<\/td>\n<td width=\"66\">mm\u00b2<\/td>\n<td width=\"170\">4 a 25<\/td>\n<td width=\"180\">4 a 25<\/td>\n<\/tr>\n<tr>\n<td width=\"312\">Fijaci\u00f3n<\/td>\n<td width=\"66\">&nbsp;<\/td>\n<td width=\"170\">Pared \/ riel din 35 (opcional)<\/td>\n<td width=\"180\">Pared \/ riel din 35 (Opcional)<\/td>\n<\/tr>\n<tr>\n<td width=\"312\">Torque m\u00e1ximo de los bornes de conexi\u00f3n el\u00e9ctrica<\/td>\n<td width=\"66\">Nm<\/td>\n<td width=\"170\">3.0<\/td>\n<td width=\"180\">3.0<\/td>\n<\/tr>\n<tr>\n<td width=\"312\">Material de la carcasa<\/td>\n<td width=\"66\">&nbsp;<\/td>\n<td width=\"170\">Material con caracter\u00edsticas de no propagaci\u00f3n y autoextinci\u00f3n del fuego<\/td>\n<td width=\"180\">Material con caracter\u00edsticas de no propagaci\u00f3n y autoextinci\u00f3n del fuego<\/td>\n<\/tr>\n<tr>\n<td width=\"312\">Grado de protecci\u00f3n<\/td>\n<td width=\"66\">&nbsp;<\/td>\n<td width=\"170\">Pared IP65 Riel DIN IP20<\/td>\n<td width=\"180\">Pared IP65 \/ Riel DIN IP20<\/td>\n<\/tr>\n<tr>\n<td width=\"312\">Par\u00e1metros el\u00e9ctricos de los contactos de se\u00f1alizaci\u00f3n remota<\/td>\n<td width=\"66\">&nbsp;<\/td>\n<td width=\"170\">&nbsp;<\/td>\n<td width=\"180\">120VAC \/ 1A | 24VDC \/1A<\/td>\n<\/tr>\n<tr>\n<td width=\"312\">Secci\u00f3n de los conductores de se\u00f1alizaci\u00f3n<\/td>\n<td width=\"66\">&nbsp;<\/td>\n<td width=\"170\">&nbsp;<\/td>\n<td width=\"180\">1,5<\/td>\n<\/tr>\n<\/tbody>\n<\/table>\n<ol>\n<li><\/li>\n<li>Caracter\u00edsticas T\u00e9cnicas Especificas<\/li>\n<\/ol>\n<table width=\"747\">\n<tbody>\n<tr>\n<td width=\"84\">Conexi\u00f3n<\/p>\n<p>Monof\u00e1sica<\/td>\n<td width=\"86\">Conexi\u00f3n<\/p>\n<p>Trif\u00e1sica<\/p>\n<p>Delta \/ Estrella<\/td>\n<td width=\"97\">Modelo<\/td>\n<td width=\"47\">Clase<\/td>\n<td width=\"76\">Tensi\u00f3n M\u00e1xima de Operaci\u00f3n continua (Uc)<\/td>\n<td width=\"83\">Corriente de<\/p>\n<p>descarga m\u00e1xima<\/p>\n<p>@ 8\/20\u03bcs (Imax)<\/td>\n<td width=\"91\">Corriente de<\/p>\n<p>descarga m\u00e1xima<\/p>\n<p>@ 10\/350\u03bcs (Imax)<\/td>\n<td width=\"91\">Tensi\u00f3n<\/p>\n<p>de referencia<\/p>\n<p>@ 1mA (Uref)<\/td>\n<td width=\"92\">Nivel<\/p>\n<p>de<\/p>\n<p>protecci\u00f3n (Up)<\/td>\n<\/tr>\n<tr>\n<td width=\"84\">DPS-45-M<\/p>\n<p>DPS-60-M<\/p>\n<p>DPS-135-M<\/p>\n<p>DPS-180-M<\/p>\n<p>DPS-270-M<\/td>\n<td width=\"86\">DPS-45-D<\/p>\n<p>DPS-60-D<\/p>\n<p>DPS-135-D<\/p>\n<p>DPS-180-D<\/p>\n<p>DPS-270-D<\/td>\n<td width=\"97\">*DPS-275V&#8212;KA-M<\/p>\n<p>**DPS-275V&#8212;KA-D<\/td>\n<td width=\"47\">II<\/p>\n<p>II<\/p>\n<p>II<\/p>\n<p>I \/ II<\/p>\n<p>I \/ II<\/td>\n<td width=\"76\">275V<\/p>\n<p>275V<\/p>\n<p>275V<\/p>\n<p>275V<\/p>\n<p>275V<\/td>\n<td width=\"83\">45kA<\/p>\n<p>60 kA<\/p>\n<p>135 kA<\/p>\n<p>180kA<\/p>\n<p>270 kA<\/td>\n<td width=\"91\">&#8211;<\/p>\n<p>&#8211;<\/p>\n<p>&#8211;<\/p>\n<p>12.5KA<\/p>\n<p>12.5KA<\/p>\n<p>&nbsp;<\/td>\n<td width=\"91\">430V<\/p>\n<p>430V<\/p>\n<p>430V<\/p>\n<p>430V<\/p>\n<p>430V<\/td>\n<td width=\"92\">&lt;1.3kV<\/p>\n<p>&lt;1.3kV<\/p>\n<p>&lt;1.3kV<\/p>\n<p>&lt;1.5kV<\/p>\n<p>&lt;1.9kV<\/p>\n<p>&nbsp;<\/td>\n<\/tr>\n<tr>\n<td width=\"84\">&nbsp;<\/td>\n<td width=\"86\">DPS-60-Y<\/p>\n<p>DPS-80-Y<\/p>\n<p>DPS-180-Y<\/p>\n<p>DPS-140-Y<\/p>\n<p>DPS-360-Y<\/td>\n<td width=\"97\">***DPS-275V&#8212;KA-Y<\/p>\n<p>&nbsp;<\/td>\n<td width=\"47\">II<\/p>\n<p>II<\/p>\n<p>II<\/p>\n<p>I \/ II<\/p>\n<p>I \/ II<\/td>\n<td width=\"76\">275V<\/p>\n<p>275V<\/p>\n<p>275V<\/p>\n<p>275V<\/p>\n<p>275V<\/td>\n<td width=\"83\">60kA<\/p>\n<p>80 kA<\/p>\n<p>180 kA<\/p>\n<p>240kA<\/p>\n<p>360 kA<\/td>\n<td width=\"91\">&#8211;<\/p>\n<p>&#8211;<\/p>\n<p>&#8211;<\/p>\n<p>12.5KA<\/p>\n<p>12.5KA<\/p>\n<p>&nbsp;<\/td>\n<td width=\"91\">430V<\/p>\n<p>430V<\/p>\n<p>430V<\/p>\n<p>430V<\/p>\n<p>430V<\/td>\n<td width=\"92\">&lt;1.3kV<\/p>\n<p>&lt;1.3kV<\/p>\n<p>&lt;1.3kV<\/p>\n<p>&lt;1.5kV<\/p>\n<p>&lt;1.9kV<\/p>\n<p>&nbsp;<\/td>\n<\/tr>\n<\/tbody>\n<\/table>\n<ol start=\"3\">\n<li>* Capacidad en kA \u2013 M<\/li>\n<li>**Capacidad en KA \u2013 D<\/li>\n<li>***Capacidad en kA \u2013 Y<\/li>\n<\/ol>\n<p><strong>Monof\u00e1sicos 4 hilos (2F + N + G)<\/strong><\/p>\n<p>Supresor de 45 kA, Clase II, voltaje 120 V \/ 240 V,<\/p>\n<p>Supresor de 60 kA, Clase II, voltaje 120 V \/ 240 V,<\/p>\n<p>Supresor de 135 kA, Clase II, voltaje 120 V \/ 240 V,<\/p>\n<p>Supresor de 180 kA, Clase I\/II, voltaje 120 V \/ 240 V,<\/p>\n<p>Supresor de 270 kA, Clase I\/II, voltaje 120 V \/ 240 V,<\/p>\n<p>&nbsp;<\/p>\n<p><strong>Trif\u00e1sicos Conexi\u00f3n Delta 4 hilos (3F + G)<\/strong><\/p>\n<p>Supresor de 45 kA, Clase II, voltaje 240 V,<\/p>\n<p>Supresor de 60 kA, Clase II, voltaje 240 V,<\/p>\n<p>Supresor de 135 kA, Clase II, voltaje 240 V,<\/p>\n<p>Supresor de 180 kA, Clase I \/ II, voltaje 240 V,<\/p>\n<p>Supresor de 270 kA, Clase I\/II, voltaje 240 V,<\/p>\n<p>&nbsp;<\/p>\n<p>&nbsp;<\/p>\n<p><strong>Trif\u00e1sicos Conexi\u00f3n Estrella 5 hilos (3F + N + G)<\/strong><\/p>\n<p>Supresor de 60 kA, Clase II, voltaje 208 \/ 120 V<\/p>\n<p>Supresor de 80 kA, Clase II, voltaje 208 \/ 120 V<\/p>\n<p>Supresor de 180 kA, Clase II, voltaje 208 \/ 120 V<\/p>\n<p>Supresor de 240 kA, Clase I\/II, voltaje 208 \/ 120 V<\/p>\n<p>Supresor de 360 kA, Clase I\/II, voltaje 208 \/ 120 V<\/p>\n","protected":false},"excerpt":{"rendered":"<p>Dispositivo de Protecci\u00f3n contra Sobretensiones (DPS), monopolar, Clase \u00a0I \/ II (IEC 61643-11), del tipo limitador de tensi\u00f3n, compuesto por Varistor de \u00d3xido Met\u00e1lico (MOV) asociado a un dispositivo de desconexi\u00f3n t\u00e9rmica (sobretemperatura) Caracter\u00edsticas: Se\u00f1alizaci\u00f3n local del estado de operaci\u00f3n; Se\u00f1alizaci\u00f3n remota (opcional); Posee interruptor interno que desconecta el DPS al final de la vida [&hellip;]<\/p>\n","protected":false},"featured_media":531,"comment_status":"open","ping_status":"closed","template":"","meta":{"_joinchat":[]},"product_cat":[31],"product_tag":[],"class_list":{"0":"post-530","1":"product","2":"type-product","3":"status-publish","4":"has-post-thumbnail","6":"product_cat-supresores","8":"first","9":"instock","10":"shipping-taxable","11":"product-type-simple"},"acf":[],"_links":{"self":[{"href":"https:\/\/asielec.com.gt\/index.php?rest_route=\/wp\/v2\/product\/530","targetHints":{"allow":["GET"]}}],"collection":[{"href":"https:\/\/asielec.com.gt\/index.php?rest_route=\/wp\/v2\/product"}],"about":[{"href":"https:\/\/asielec.com.gt\/index.php?rest_route=\/wp\/v2\/types\/product"}],"replies":[{"embeddable":true,"href":"https:\/\/asielec.com.gt\/index.php?rest_route=%2Fwp%2Fv2%2Fcomments&post=530"}],"wp:featuredmedia":[{"embeddable":true,"href":"https:\/\/asielec.com.gt\/index.php?rest_route=\/wp\/v2\/media\/531"}],"wp:attachment":[{"href":"https:\/\/asielec.com.gt\/index.php?rest_route=%2Fwp%2Fv2%2Fmedia&parent=530"}],"wp:term":[{"taxonomy":"product_cat","embeddable":true,"href":"https:\/\/asielec.com.gt\/index.php?rest_route=%2Fwp%2Fv2%2Fproduct_cat&post=530"},{"taxonomy":"product_tag","embeddable":true,"href":"https:\/\/asielec.com.gt\/index.php?rest_route=%2Fwp%2Fv2%2Fproduct_tag&post=530"}],"curies":[{"name":"wp","href":"https:\/\/api.w.org\/{rel}","templated":true}]}}